.
3070973
List the prime factors of 4360065.
3, 5, 290671
List the prime factors of 23605028.
2, 5901257
What are the prime factors of 17902841?
11, 31, 52501
List the prime factors of 10956227.
10956227
What are the prime factors of 2057838?
2, 3, 67, 5119
List the prime factors of 1164567.
3, 19, 20431
List the prime factors of 230587.
7, 32941
List the prime factors of 25137673.
11, 61, 37463
What are the prime factors of 1077830?
2, 5, 13, 8291
List the prime factors of 24098230.
2, 5, 13, 185371
What are the prime factors of 187285?
5, 7, 5351
List the prime factors of 227388.
2, 3, 7, 2707
What are the prime factors of 541935?
3, 5, 12043
List the prime factors of 5768166.
2, 3, 173, 5557
What are the prime factors of 2584042?
2, 43, 30047
What are the prime factors of 672189?
3, 7, 32009
What are the prime factors of 461628?
2, 3, 12823
List the prime factors of 1573881.
3, 281, 1867
What are the prime factors of 3671381?
7, 233, 2251
What are the prime factors of 2316609?
3, 257401
What are the prime factors of 1983084?
2, 3, 17, 9721
What are the prime factors of 466184?
2, 19, 3067
List the prime factors of 879684.
2, 3, 13, 5639
List the prime factors of 4327093.
4327093
List the prime factors of 7338607.
7338607
What are the prime factors of 1078074?
2, 3, 101, 593
What are the prime factors of 3968209?
7, 67, 8461
What are the prime factors of 420131?
53, 7927
List the prime factors of 14322692.
2, 3580673
List the prime factors of 194664.
2, 3, 8111
List the prime factors of 579576.
2, 3, 19, 31, 41
List the prime factors of 409563.
3, 7, 11, 197
What are the prime factors of 4675260?
2, 3, 5, 67, 1163
List the prime factors of 623048.
2, 19, 4099
List the prime factors of 1110389.
7, 17, 31, 43
List the prime factors of 2696390.
2, 5, 47, 5737
List the prime factors of 23027563.
13, 19, 93229
List the prime factors of 1218475.
5, 17, 47, 61
What are the prime factors of 103204?
2, 25801
List the prime factors of 6775913.
19, 503, 709
What are the prime factors of 888402?
2, 3, 19, 7793
What are the prime factors of 636968?
2, 79621
List the prime factors of 21368797.
59, 373, 971
List the prime factors of 5642561.
61, 233, 397
What are the prime factors of 678836?
2, 169709
List the prime factors of 4647079.
4647079
What are the prime factors of 53201?
53201
What are the prime factors of 419674?
2, 209837
What are the prime factors of 257490?
2, 3, 5, 2861
List the prime factors of 6907100.
2, 5, 17, 239
What are the prime factors of 1049305?
5, 209861
List the prime factors of 133258.
2, 66629
What are the prime factors of 4021212?
2, 3, 13, 149, 173
List the prime factors of 265844.
2, 41, 1621
List the prime factors of 177089.
11, 17, 947
What are the prime factors of 749409?
3, 23, 10861
List the prime factors of 2133074.
2, 619, 1723
What are the prime factors of 301873?
11, 13, 2111
What are the prime factors of 14831380?
2, 5, 741569
List the prime factors of 9579375.
3, 5, 13, 131
What are the prime factors of 202440?
2, 3, 5, 7, 241
List the prime factors of 2912720.
2, 5, 23, 1583
List the prime factors of 413374.
2, 13, 1223
List the prime factors of 1041231.
3, 449, 773
List the prime factors of 31284541.
3209, 9749
List the prime factors of 2384239.
11, 13, 16673
What are the prime factors of 9601969?
13, 71, 101, 103
What are the prime factors of 1116165?
3, 5, 74411
List the prime factors of 5298963.
3, 41, 67, 643
What are the prime factors of 230903?
233, 991
List the prime factors of 61255.
5, 12251
What are the prime factors of 3743496?
2, 3, 53, 109
List the prime factors of 6276147.
3, 2092049
What are the prime factors of 10436898?
2, 3, 1739483
List the prime factors of 16179612.
2, 3, 149, 9049
List the prime factors of 1548125.
5, 2477
List the prime factors of 273298.
2, 136649
List the prime factors of 260670.
2, 3, 5, 8689
List the prime factors of 7275209.
7275209
What are the prime factors of 62046?
2, 3, 383
List the prime factors of 139604.
2, 17, 2053
What are the prime factors of 57399?
3, 19, 53
List the prime factors of 5000207.
31, 101, 1597
What are the prime factors of 68083?
103, 661
What are the prime factors of 16961968?
2, 1060123
List the prime factors of 213721.
213721
What are the prime factors of 3051119?
29, 105211
List the prime factors of 290490.
2, 3, 5, 23, 421
List the prime factors of 2421596.
2, 31, 59, 331
What are the prime factors of 3375881?
3375881
What are the prime factors of 3034207?
11, 275837
List the prime factors of 230521.
29, 7949
What are the prime factors of 845162?
2, 422581
List the prime factors of 93122.
2, 101, 461
What are the prime factors of 1077053?
19, 56687
List the prime factors of 34669129.
11, 19, 31, 5351
List the prime factors of 197179.
23, 8573
List the prime factors of 11150325.
3, 5, 16519
List the prime factors of 14408449.
11, 59, 149
List the prime factors of 718944.
2, 3, 7489
What are the prime factors of 556179?
3, 13, 1097
List the prime factors of 1808558.
2, 907, 997
List the prime factors of 280371.
3, 7, 13, 79
List the prime factors of 20244934.
2, 10122467
What are the prime factors of 7713406?
2, 3856703
List the prime factors of 9268266.
2, 3, 7, 220673
List the prime factors of 6882939.
3, 7, 109253
List the prime factors of 634306.
2, 239, 1327
List the prime factors of 2129590.
2, 5, 17, 12527
What are the prime factors of 69490?
2, 5, 6949
What are the prime factors of 327881?
327881
What are the prime factors of 93765?
3, 5, 7, 19, 47
What are the prime factors of 1216001?
509, 2389
What are the prime factors of 577894?
2, 288947
List the prime factors of 12752061.
3, 7, 281, 2161
What are the prime factors of 16185545?
5, 3237109
List the prime factors of 2865048.
2, 3, 19, 61, 103
What are the prime factors of 6148715?
5, 1229743
List the prime factors of 694217.
163, 4259
List the prime factors of 28859770.
2, 5, 2885977
What are the prime factors of 6971597?
709, 9833
What are the prime factors of 965377?
7, 137911
What are the prime factors of 1252773?
3, 46399
List the prime factors of 9464072.
2, 59, 20051
What are the prime factors of 3856845?
3, 5, 257123
List the prime factors of 1227200.
2, 5, 13, 59
What are the prime factors of 284191?
284191
What are the prime factors of 24626?
2, 7, 1759
List the prime factors of 326758.
2, 199, 821
List the prime factors of 25071621.
3, 19, 439853
What are the prime factors of 1339182?
2, 3, 13, 59, 97
List the prime factors of 6058622.
2, 29, 104459
What are the prime factors of 577950?
2, 3, 5, 3853
List the prime factors of 155972.
2, 38993
What are the prime factors of 433781?
433781
What are the prime factors of 614789?
7, 71, 1237
What are the prime factors of 595794?
2, 3, 109, 911
What are the prime factors of 7431855?
3, 5, 495457
List the prime factors of 3822424.
2, 31, 15413
List the prime factors of 9955818.
2, 3, 331, 557
List the prime factors of 1423633.
53, 26861
List the prime factors of 2514313.
2514313
What are the prime factors of 25582901?
29, 882169
List the prime factors of 343195.
5, 68639
What are the prime factors of 736346?
2, 13, 127, 223
What are the prime factors of 28728001?
28728001
What are the prime factors of 5736046?
2, 2868023
List the prime factors of 207479.
207479
What are the prime factors of 5657179?
11, 514289
What are the prime factors of 15201018?
2, 3, 7, 223, 541
What are the prime factors of 2184328?
2, 137, 1993
List the prime factors of 1029211.
19, 2851
List the prime factors of 15375969.
3, 7, 31, 7873
List the prime factors of 121028.
2, 79, 383
What are the prime factors of 7847800?
2, 5, 39239
What are the prime factors of 232564?
2, 53, 1097
List the prime factors of 603556.
2, 150889
List the prime factors of 336958.
2, 331, 509
List the prime factors of 10295418.
2, 3, 7, 245129
What are the prime factors of 330506?
2, 11, 83, 181
What are the prime factors of 3180302?
2, 23, 47, 1471
List the prime factors of 953668.
2, 238417
What are the prime factors of 69527?
251, 277
List the prime factors of 326506.
2, 59, 2767
What are the prime factors of 194650?
2, 5, 17, 229
What are the prime factors of 6465703?
6465703
What are the prime factors of 7891979?
7891979
List the prime factors of 1758509.
1181, 1489
L